 remainder when 9245 is divided by 3041.
122
What is the remainder when 165589 is divided by 43?
39
What is the remainder when 162066 is divided by 4379?
43
What is the remainder when 59180 is divided by 216?
212
Calculate the remainder when 37684 is divided by 25.
9
Calculate the remainder when 13967 is divided by 6523.
921
What is the remainder when 830447 is divided by 146?
145
What is the remainder when 54095 is divided by 108?
95
Calculate the remainder when 304791 is divided by 120.
111
What is the remainder when 3073278 is divided by 64?
62
Calculate the remainder when 2085 is divided by 916.
253
What is the remainder when 16267 is divided by 677?
19
Calculate the remainder when 8043 is divided by 317.
118
What is the remainder when 9019 is divided by 4421?
177
What is the remainder when 2051 is divided by 359?
256
What is the remainder when 893 is divided by 446?
1
What is the remainder when 3209 is divided by 319?
19
Calculate the remainder when 1956 is divided by 354.
186
Calculate the remainder when 2111 is divided by 16.
15
What is the remainder when 22752 is divided by 3792?
0
What is the remainder when 117685 is divided by 7844?
25
Calculate the remainder when 9863 is divided by 7222.
2641
What is the remainder when 10933 is divided by 214?
19
What is the remainder when 27678 is divided by 360?
318
What is the remainder when 6126 is divided by 113?
24
Calculate the remainder when 1481998 is divided by 247.
245
Calculate the remainder when 1784 is divided by 223.
0
Calculate the remainder when 19869 is divided by 914.
675
What is the remainder when 18585 is divided by 200?
185
Calculate the remainder when 281960 is divided by 203.
196
What is the remainder when 3471 is divided by 843?
99
Calculate the remainder when 10620 is divided by 181.
122
What is the remainder when 7656 is divided by 2548?
12
What is the remainder when 62037 is divided by 110?
107
Calculate the remainder when 15283 is divided by 3813.
31
What is the remainder when 6660 is divided by 438?
90
What is the remainder when 5963 is divided by 53?
27
Calculate the remainder when 616 is divided by 413.
203
Calculate the remainder when 69213 is divided by 32.
29
What is the remainder when 3225 is divided by 3208?
17
Calculate the remainder when 1744 is divided by 352.
336
Calculate the remainder when 12568 is divided by 247.
218
Calculate the remainder when 2823 is divided by 448.
135
Calculate the remainder when 2784 is divided by 2531.
253
Calculate the remainder when 6922 is divided by 198.
190
What is the remainder when 25489 is divided by 194?
75
Calculate the remainder when 3523169 is divided by 14.
13
What is the remainder when 149433 is divided by 9961?
18
Calculate the remainder when 8131 is divided by 2981.
2169
Calculate the remainder when 14739 is divided by 51.
0
What is the remainder when 7244 is divided by 3620?
4
Calculate the remainder when 506 is divided by 363.
143
What is the remainder when 2089212 is divided by 32?
28
What is the remainder when 30128 is divided by 115?
113
What is the remainder when 7453 is divided by 20?
13
Calculate the remainder when 165366 is divided by 258.
246
Calculate the remainder when 22857 is divided by 34.
9
What is the remainder when 83043 is divided by 497?
44
What is the remainder when 13452 is divided by 320?
12
What is the remainder when 21298 is divided by 21209?
89
Calculate the remainder when 7147 is divided by 135.
127
Calculate the remainder when 475901 is divided by 64.
61
What is the remainder when 1441106 is divided by 19?
13
What is the remainder when 8864 is divided by 424?
384
Calculate the remainder when 14889 is divided by 1266.
963
Calculate the remainder when 2533 is divided by 505.
8
What is the remainder when 1098219 is divided by 549104?
11
What is the remainder when 40506 is divided by 164?
162
What is the remainder when 31283 is divided by 3475?
8
What is the remainder when 39051 is divided by 407?
386
Calculate the remainder when 6557 is divided by 6551.
6
What is the remainder when 28113 is divided by 25?
13
Calculate the remainder when 537586 is divided by 59731.
7
What is the remainder when 30942 is divided by 7733?
10
What is the remainder when 106511 is divided by 48?
47
What is the remainder when 19238 is divided by 874?
10
What is the remainder when 29368 is divided by 30?
28
What is the remainder when 4986 is divided by 997?
1
Calculate the remainder when 15303 is divided by 20.
3
Calculate the remainder when 2449914 is divided by 60.
54
Calculate the remainder when 36126 is divided by 2266.
2136
Calculate the remainder when 691 is divided by 59.
42
What is the remainder when 928892 is divided by 7491?
8
Calculate the remainder when 15372 is divided by 7683.
6
Calculate the remainder when 2073 is divided by 50.
23
Calculate the remainder when 4542 is divided by 3139.
1403
What is the remainder when 8806 is divided by 497?
357
Calculate the remainder when 4408 is divided by 204.
124
What is the remainder when 2302 is divided by 1099?
104
Calculate the remainder when 129749 is divided by 64829.
91
Calculate the remainder when 4140748 is divided by 150.
148
Calculate the remainder when 1571 is divided by 1069.
502
What is the remainder when 32249 is divided by 481?
22
Calculate the remainder when 70872 is divided by 5053.
130
What is the remainder when 26780 is divided by 3823?
19
Calculate the remainder when 22158 is divided by 49.
10
Calculate the remainder when 1020 is divided by 1011.
9
Calculate the remainder when 5505521 is divided by 268.
265
What is the remainder when 67300 is divided by 26?
12
Calculate the remainder when 7615 is divided by 30.
25
Calculate the remainder when 75199 is divided by 21.
19
What is the remainder when 150375 is divided by 3759?
15
Calculate the remainder when 5627 is divided by 77.
6
What is the remainder when 4935 is divided by 760?
375
Calculate the remainder when 374472 is divided by 249.
225
What is the remainder when 8517 is divided by 34?
17
Calculate the remainder when 21299 is divided by 5320.
19
Calculate the remainder when 8192 is divided by 8189.
3
Calculate the remainder when 3253 is divided by 108.
13
What is the remainder when 89788 is divided by 907?
902
Calculate the remainder when 1615 is divided by 155.
65
Calculate the remainder when 179487 is divided by 89740.
7
What is the remainder when 1324 is divided by 285?
184
Calculate the remainder when 750 is divided by 71.
40
Calculate the remainder when 86100 is divided by 582.
546
What is the remainder when 25300 is divided by 241?
236
What is the remainder when 51545 is divided by 50?
45
What is the remainder when 331562 is divided by 234?
218
What is the remainder when 614009 is divided by 306979?
51
What is the remainder when 30937 is divided by 35?
32
What is the remainder when 5368 is divided by 1335?
28
Calculate the remainder when 844 is divided by 8.
4
Calculate the remainder when 1616 is divided by 10.
6
Calculate the remainder when 41097 is divided by 101.
91
Calculate the remainder when 57635 is divided by 739.
732
Calculate the remainder when 732806 is divided by 27.
26
What is the remainder when 76058 is divided by 14?
10
Calculate the remainder when 10604 is divided by 1317.
68
Calculate the remainder when 22385 is divided by 4007.
2350
What is the remainder when 1953 is divided by 648?
9
Calculate the remainder when 2293 is divided by 72.
61
What is the remainder when 322734 is divided by 161358?
18
What is the remainder when 36197 is divided by 10?
7
What is the remainder when 39731 is divided by 207?
194
What is the remainder when 33145 is divided by 16570?
5
What is the remainder when 12971 is divided by 116?
95
Calculate the remainder when 145024 is divided by 2458.
2
Calculate the remainder when 252639 is divided by 50525.
14
What is the remainder when 13821 is divided by 164?
45
Calculate the remainder when 16464 is divided by 34.
8
Calculate the remainder when 7342748 is divided by 25.
23
What is the remainder when 2812 is divided by 13?
4
Calculate the remainder when 18944 is divided by 541.
9
Calculate the remainder when 1320885 is divided by 564.
561
Calculate the remainder when 22300 is divided by 2230.
0
Calculate the remainder when 6617 is divided by 1954